and 25.
5
Suppose 244 = -5*t + 1224. Suppose 0 = 12*j - t - 8. Suppose 3*s = j - 8. What is the highest common divisor of s and 4?
1
Let o(t) = -41*t - 2132. Let n be o(-54). Calculate the highest common divisor of n and 4018.
82
Let q(x) = x - 20. Let a be q(8). Let o be (-6)/5*760/a*1. Let g = -41 + o. Calculate the highest common divisor of 14 and g.
7
Suppose 4*d + 9 = h - 2, 0 = -4*d + 5*h - 7. Let f be ((-2)/d + 2/(-3))/1. Suppose -j + 136 = -f*j. Calculate the greatest common factor of 17 and j.
17
Let v = -2460 + 3735. What is the highest common divisor of v and 300?
75
Suppose 1835 = 4*c + r, 0*c = -2*c + 5*r + 901. Suppose -5*y + c = -2*j - j, -4*j + 87 = y. What is the greatest common factor of 26 and y?
13
Suppose 0*c - 35 = -c. Suppose 3*s = -7*x + 2*x + 403, 0 = -4*s - x + 543. Let f be (1/(0 - -1))/(s/680). What is the greatest common divisor of c and f?
5
Let x be 7/(7383/615 + -12). Calculate the highest common divisor of x and 35.
35
Let x = 430 - 239. Calculate the highest common factor of x and 21965.
191
Let k be (-625065)/(-693) + 17/561. Calculate the highest common divisor of 88 and k.
22
Let q(w) = -w**3 + 61*w**2 - 172*w - 26. Let v be q(58). Calculate the greatest common factor of 730 and v.
10
Suppose -39212 = -3*h + 2*y, -149 = -4*y - 165. What is the greatest common factor of h and 108?
108
Let b = -9 - -24. Let j be ((-8)/5)/(73/(-1095)). Calculate the greatest common divisor of b and j.
3
Suppose 11*w - 29*w = -26802. Suppose -4*a - 325 = -w. Let p = 419 - a. Calculate the highest common factor of 16 and p.
16
Let o = 25 + 31. Suppose -5*y + 5*w + 138 = -67, -43 = -2*y - w. Calculate the highest common factor of y and o.
28
Let j = 8 + -1. Let o(u) = -j*u + 3 - 5*u + 6 - u + 2*u**2. Let z be o(7). What is the highest common factor of 24 and z?
8
Let r(p) be the first derivative of 89*p**2/2 - 63*p + 67. Let g be r(8). Calculate the greatest common divisor of 59 and g.
59
Let n be (-1290)/(-14) - (14 + -9)/35. Suppose 0*b - 4*b + 389 = -5*y, 4*b - 4*y = 388. Let q = b - n. Calculate the highest common divisor of q and 16.
4
Let g(d) = d**3 + 4*d**2 - d - 11. Let p be g(-3). Let r be 2*4/(-8)*p*-75. Calculate the highest common divisor of 125 and r.
25
Let d = 746 - 727. What is the greatest common divisor of d and 26?
1
Suppose -91998 = -13*m - 11723. What is the highest common divisor of 10 and m?
5
Let w = 76 - 79. Let y = w + -43. Let k = y + 67. Calculate the highest common divisor of k and 63.
21
Let j = -36635 + 36657. Calculate the highest common factor of j and 649.
11
Let x(t) = 2*t**2 + 2*t + 1. Let g be x(-2). Suppose 1814 - 639 = 47*j. Calculate the highest common divisor of j and g.
5
Let h(o) = 2*o + 52. Let x be h(-9). Let b = -17 - -28. Suppose b*p - 8*p - 51 = 0. Calculate the greatest common divisor of p and x.
17
Let t be 64/(-16)*81/(-12). Calculate the greatest common factor of 6939 and t.
27
Let h(m) = m**2. Let y be h(2). Let w be 44/y*6/33. Calculate the highest common divisor of w and 9.
1
Let o be -13*(-1)/(-2)*-2. Suppose o*m - 61 = -308. Let i = m + 43. Calculate the highest common divisor of 72 and i.
24
Suppose -4*w + 0*w + 1080 = 3*x, w = x + 270. Let q = 945 - w. What is the highest common factor of q and 45?
45
Let q = -204 + 242. Let l be (-4)/(-6) + ((-25590)/(-18))/5. Suppose 2*y + y = l. Calculate the greatest common divisor of y and q.
19
Let c be (-34)/8*(-7 + 3). Let u = 25 - 34. Let n(b) = -b**3 - 10*b**2 - 13*b - 19. Let l be n(u). What is the highest common factor of c and l?
17
Suppose 2512 = 4*v + 4*a, -3*a = -5*v - 2*a + 3092. Calculate the greatest common divisor of 460 and v.
20
Let w be (-16)/56 + (7248/(-14))/(-6). What is the greatest common divisor of 1634 and w?
86
Suppose 25*y - 4*d = 28*y - 183, 5*d + 210 = 3*y. What is the greatest common divisor of 104 and y?
13
Let t(k) = -2*k**2 - 137*k + 331. Let z be t(-67). Suppose -5*s + 218 = 6*r - 4*r, 5*s = -5*r + 230. Calculate the highest common divisor of s and z.
14
Let x be (-55)/(-15) - (-2)/6. Suppose -10*u + 2280 = -29*u. Let m be u/(-21) - 2/(-7). What is the greatest common factor of x and m?
2
Let v(c) = 3*c + 91. Let x be v(-32). Let y be 1*(2 - (x + 5)) - -124. Let u = 20 - 6. Calculate the highest common factor of u and y.
14
Let c = 34000 + -33850. Calculate the greatest common factor of c and 4890.
30
Let n(l) be the third derivative of -l**5/20 - 43*l**4/24 - 19*l**3/3 - 5*l**2 - 10. Let c be n(-11). What is the highest common factor of c and 180?
36
Let h be 697 - 6/24*0. Let o = h + -619. Calculate the highest common divisor of 429 and o.
39
Let r = -2840 - -2966. Calculate the highest common divisor of r and 154.
14
Let q(x) = -30*x - 3695. Let h be q(-126). Calculate the highest common divisor of h and 595.
85
Suppose -7*u = -321 - 3270. Calculate the greatest common factor of 18 and u.
9
Let h = 413 - 253. Suppose -16*r + 8499 + 1037 = 0. Let k = r + -576. What is the highest common factor of h and k?
20
Suppose -66*b + 16287 + 11631 = 0. What is the highest common divisor of b and 47?
47
Let w = -14 + 17. Suppose 5*o - 2132 = -r, r = -0 - w. Suppose -4*p - 5*k + o = 0, p - 4*k + 3 = 115. Calculate the greatest common divisor of p and 27.
27
Let x = 41 + -38. Suppose -4*z - 21 = x*z. Let d be (378/3)/(z/(-4)). What is the highest common divisor of d and 24?
24
Let d(f) = -277*f - 960. Let y be d(-5). Suppose 19 = -u + 44. What is the greatest common factor of y and u?
25
Let v be 104/1716 + 3824/66. Let n(s) = -s**3 + 15*s**2 - 10*s + 7. Let m be n(12). Calculate the highest common divisor of v and m.
29
Let h = -899 - -1043. Let y = h + -138. What is the highest common factor of y and 111?
3
Suppose 12*v = 3450 + 134046. Calculate the highest common factor of 34 and v.
34
Let i = 205 - 137. Suppose 430 = 14*u + 4056. Let g = u + 293. What is the greatest common factor of g and i?
34
Let p be (-2)/(12/2) + (-161)/(-69). Let n(k) = 7*k**2 + 0 + 8*k**2 + 1 - 3*k. Let h be n(p). What is the greatest common divisor of 22 and h?
11
Let y(l) = 110*l**2 - 7*l - 32. Let c be y(-6). Suppose 1827 + c = 31*x. Calculate the greatest common factor of x and 68.
17
Let n be ((-3)/2)/(165/(-2200)). Let q = 22 + 3. Calculate the highest common divisor of n and q.
5
Suppose 3*a = -3*v - 0*a + 12, -a - 6 = -4*v. Let y be v*2*3/(-24)*-4. Calculate the highest common divisor of y and 28.
2
Let x be (-840)/756 + 19045/9. What is the highest common factor of 9 and x?
9
Suppose 3*g = 5*g - 2. Let a be g/(597/882 - 6/9). What is the greatest common factor of 147 and a?
49
Let w(j) = j**3 + 10*j**2 - 32*j - 219. Let q be w(-6). Calculate the greatest common factor of 225 and q.
9
Let u(a) = 2*a**3 + 3*a**2 - 30*a + 18. Let r be u(-8). Let m = -572 - r. Calculate the highest common factor of 12 and m.
2
Suppose d + 20 = -3*d. Let g(t) = -76*t + 8. Let p be g(d). Let c = p - 217. What is the greatest common factor of c and 19?
19
Let f(w) = 138*w**2 - 282*w**2 + 12*w - 11 + 142*w**2 + 7*w**3. Let m be f(1). Calculate the greatest common factor of m and 15.
3
Suppose -3*n - 4*c = 10, -4*n + 7*c = 2*c - 28. Suppose -22*z + n*z = -140. Calculate the highest common factor of 7 and z.
7
Suppose -2*c + 4023 = d, -d = -4*c - 748 - 3281. Calculate the greatest common factor of d and 25.
25
Let n = -11 - -21. Let g be ((-2)/n)/1 + 108/15. Let d be (-7)/g*4/6*-6. Calculate the greatest common divisor of d and 28.
4
Let o = -11 - -24. Let s = -15092 + 15157. What is the highest common divisor of o and s?
13
Let z(n) = -43 + 21*n - 7*n + 16*n + 7*n. Let u be z(15). What is the highest common factor of u and 32?
32
Suppose -2*w - m - 2*m + 365 = 0, -745 = -4*w - m. Suppose -11 = -7*h + 24. Suppose 2*p = h*p - 33. What is the highest common factor of w and p?
11
Suppose 73*h = 47*h + 19811 + 144795. What is the highest common divisor of 13 and h?
13
Let l = 3372 + -2580. Calculate the highest common divisor of 3762 and l.
198
Let z = -73 - -76. What is the highest common divisor of z and 52?
1
Let d be ((-4)/(-36))/(1/3)*5313. What is the highest common factor of 539 and d?
77
Let j be (-220)/(-18) - 86/387. Let c = 14 - 2. What is the highest common factor of j and c?
12
Suppose 11*i - 8*i + c = -5, 3*i - 2*c - 1 = 0. Let m be (